Let m(q) = -602*q - 8. Let a(z) = 201*z + 3. Let c(d) = 14*a(d) + 5*m(d). Let g be c(-1). Calculate the greatest common divisor of 22 and g.
22
Suppose -17 = -r + 6*z - 2*z, r = 5*z + 21. Let j be -1 - -2 - r - -3. Suppose -j*w = w - 36. Calculate the greatest common factor of 9 and w.
9
Suppose 0*g = 3*g - 15. Let s be (17 + -2)*g/15. Calculate the greatest common divisor of s and 10.
5
Let j(m) = m**2 - 24*m + 24. Let t be j(23). Calculate the highest common divisor of t and 6.
1
Suppose -4*t - 5*b - 1 + 4 = 0, 2 = -2*b. Suppose -3*j - 5*w = -22, -3*j - 7 + 41 = 2*w. What is the greatest common divisor of j and t?
2
Suppose -18 - 2 = -4*w. Suppose -5*p + w + 175 = 0. Calculate the highest common factor of p and 4.
4
Suppose -a = 4*a - 20. Suppose 23 = a*d - 1. What is the greatest common divisor of d and 30?
6
Let w(j) = j**3 + j**2 - j + 2. Suppose s + 2 = 2*s. Let i be w(s). Calculate the highest common divisor of i and 48.
12
Let z be (4/5)/((-2)/5). Let w = z - 0. Let r be 5/w*84/(-15). What is the greatest common factor of r and 70?
14
Let s be (2 - 3) + -4 + -19. Let t be ((-3)/(-2))/(s/(-32)). What is the greatest common factor of t and 8?
2
Let x(f) = -f**3 - 6*f**2 - 6*f + 2. Let w be x(-5). What is the highest common divisor of 28 and w?
7
Suppose -3*q = 5*f + 1, -3*q - 3*f + 19 = -2*f. Let r = -25 + 36. Suppose 3*a - 85 = r. Calculate the highest common factor of a and q.
8
Suppose -28 = -2*q - 0*q. Let y = -27 + 41. Calculate the highest common factor of y and q.
14
Suppose 5*k - 12 + 2 = 0. Let q be k/(-7) - (-4630)/35. What is the highest common divisor of 12 and q?
12
Let y be (484/10)/((-2)/10). Let x = y + 111. Let w = 196 + x. Calculate the greatest common factor of 13 and w.
13
Suppose 4*g - 20 = 16. Let o = g + 9. Calculate the highest common factor of o and 9.
9
Suppose 45 = 2*m - 8*k + 3*k, -55 = -3*m + 5*k. Calculate the highest common divisor of m and 10.
10
Suppose -5*b + 2*b - 22 = 4*v, 3*b = 5*v + 14. Let y be (-45)/b*(-2)/(-3). What is the highest common divisor of 105 and y?
15
Let p be (-6)/4*(7 - 103). Calculate the highest common factor of p and 18.
18
Let n be 6/(-21) + 15/(-21). Let b = n - -2. Let r be 3/((3/20)/b). What is the greatest common factor of r and 40?
20
Let q(p) = p**3 + 4*p**2 + 3*p + 3. Let h be q(-2). Calculate the highest common factor of 40 and h.
5
Let i(x) be the second derivative of 8*x**3/3 - x**2/2 + 3*x. Let p be i(1). Let k be 4*3/6 + 58. What is the greatest common divisor of p and k?
15
Let i be (21 - 1)*13/(-2). Let y be (-2)/13 + (-150)/i. Suppose 3*t + 1 = 7. Calculate the greatest common factor of y and t.
1
Let j = -1 + 12. Let f = -26 + 59. What is the greatest common factor of f and j?
11
Let d(y) = 12*y**2 - 3*y + 3. Let t be d(2). What is the greatest common divisor of t and 9?
9
Let g(s) = 6*s. Let k be g(1). Let v = k + 0. Let u be 15 + (-5 - -1 - 0) + 1. Calculate the highest common factor of u and v.
6
Let n = 8 + -5. Let y(x) = -x + 7. Let d be y(n). Suppose 0 = -3*a - z + 57, d*z - 42 = -2*a + 2*z. What is the greatest common factor of 18 and a?
18
Suppose -3 = n, -4*s + 4*n + 17 = s. Let w(o) = 27*o**2 - 2*o + 1. Let q be w(s). Let i = -17 - -56. What is the greatest common divisor of i and q?
13
Let j(b) = -b**2 - 8*b + 4. Let r be j(-7). Calculate the greatest common factor of r and 110.
11
Suppose -l - 4*v + 0 = 6, 5*v + 14 = 2*l. Suppose 3*t = -p + t + 8, -2*p + 28 = -l*t. What is the highest common divisor of 12 and p?
12
Suppose 72 = -0*z + 2*z. Let m be -6*(0 + 1/2). Let x = m + 7. Calculate the highest common divisor of x and z.
4
Let x(u) = 11*u**2 - u + 15. Let z be x(-4). Calculate the greatest common factor of 39 and z.
39
Suppose 7 = -2*f - f - 4*h, -3*f - h = -5. Suppose -f*q + 95 = -76. Calculate the highest common divisor of q and 38.
19
Let r = 7 - 3. Suppose 0 = b + 2*a - 89 + 17, 288 = r*b + 3*a. What is the highest common factor of b and 8?
8
Suppose 0 = 4*o - 3*c - 102, -3*o + 3*c + 13 = -65. What is the greatest common factor of o and 6?
6
Let m be ((-4)/6)/((-3)/(-9)). Suppose -5*d - q + 32 = -1, -2*d = -4*q. Let v = m + d. What is the highest common factor of 32 and v?
4
Let s(t) = 0*t**2 + 3*t - 7*t + t**2 - 6 - 5. Let l = -18 - -26. Let c be s(l). What is the highest common divisor of 231 and c?
21
Let c(q) = 8*q + 16. Let j be c(5). Suppose -2*i = f - 20, -3*i - f - 9 + 37 = 0. Calculate the highest common factor of j and i.
8
Suppose 0 = -2*f + 2*x + 142, -2*x = f - 82 + 14. What is the greatest common divisor of f and 28?
14
Let a be 2 + 1 + (3 - 4). Suppose a*g - 23 = -4*c - g, -c + 6 = g. Suppose -c*t = -2*t - 9. Calculate the highest common divisor of 3 and t.
3
Suppose -73 + 23 = -2*h. What is the highest common divisor of 5 and h?
5
Suppose -5*g + 127 = 4*t - 13, -g + 28 = 2*t. Suppose -g = -5*o + o. What is the highest common divisor of 14 and o?
7
Suppose 0 = 5*m + 3*l - 39, -m - 2 = -4*l - 19. Let d = 13 - m. Let g be (-2)/(-1 + (-51)/(-54)). Calculate the highest common divisor of d and g.
4
Suppose -3*q = 15, d = 5*d + 3*q - 13. Let l = 182 - 133. Calculate the highest common divisor of l and d.
7
Let u = -145 + 159. Suppose -3*h - 4 = h. Let y be (1/1*-2)/h. Calculate the greatest common divisor of u and y.
2
Let v(z) = z**2 - 6*z - 9. Let t be v(7). Let l = 11 + t. What is the greatest common factor of 81 and l?
9
Suppose z = -2*b - z + 24, 0 = -3*b - 4*z + 41. Calculate the highest common divisor of 7 and b.
7
Let n = 13 + -9. Suppose -n*j = -25 - 87. What is the highest common factor of j and 14?
14
Let o(g) = -g**3 + g**2 + 2*g - 5. Let x be o(-3). Suppose -4*q - 3*s + 291 = 0, 5*q - 2*s - 275 = 106. Calculate the greatest common divisor of x and q.
25
Let n(h) = 5 + 3*h**2 + 1 + 12*h + 6 - 2*h**2. Let j be n(-11). What is the highest common divisor of j and 1?
1
Let n(d) = d. Let k(g) = 59*g. Let u(q) = k(q) + 2*n(q). Let h be u(1). Let w = 121 - h. Calculate the greatest common factor of w and 12.
12
Let f be (-84)/(-10) + 2/(-5). What is the highest common divisor of 72 and f?
8
Let l be ((1 - 1)/3)/(-2). Suppose w + 0*w + 5 = l. Let h be 2/5 - 718/w. Calculate the greatest common factor of 18 and h.
18
Let g(s) = -6*s - 85. Let z be g(-17). Let c = 340 - 153. Calculate the greatest common factor of z and c.
17
Let s be (-3553)/(-136) + 1/(-8). What is the highest common factor of 104 and s?
26
Let x = 11 + -10. Suppose 3*f + 4*o - 30 = -x, -3*o + 27 = 4*f. Calculate the highest common divisor of f and 21.
3
Let h = 8 + -3. Calculate the greatest common divisor of 35 and h.
5
Let q be (10/4)/(1/6). Suppose -5*t + 365 = q. Suppose 2*a + 3*a - t = 0. Calculate the highest common factor of a and 35.
7
Suppose -t + 4*a + a = -53, t - 4*a - 55 = 0. Let b = t + -33. What is the greatest common divisor of 45 and b?
15
Let t = 33 + 32. Calculate the greatest common factor of t and 13.
13
Suppose 0 = -5*l + 20, b + 0*b + 4*l = 52. Calculate the highest common factor of b and 18.
18
Suppose 4*h - 8 = 0, 3*a + 3*h = -h + 83. Calculate the highest common factor of 25 and a.
25
Let x = 4 - -9. Suppose 2 + x = 5*m. What is the highest common divisor of 15 and m?
3
Suppose 5*b = -5*d + 30, -2 = -3*b + b. Let h = d + 5. Suppose 0 = -z + h - 2. Calculate the highest common factor of z and 16.
8
Let h = 53 + -36. What is the highest common factor of h and 51?
17
Let r(a) = -10*a**2 - 3*a - 1. Let l(u) = 20*u**2 + 6*u + 2. Let k(m) = -4*l(m) - 9*r(m). Let i be k(-2). What is the highest common factor of 7 and i?
7
Let q(h) = h**3 - 8*h**2 + 7*h + 3. Let f be q(7). Let k be (12/3)/(2/(-4)). Let a = 25 - k. Calculate the highest common divisor of f and a.
3
Let y(u) = -2*u - 10. Let g be y(-5). Suppose s + 0 - 17 = g. Calculate the greatest common divisor of 136 and s.
17
Let t = 6 - -6. Let k = t - 11. Calculate the greatest common factor of k and 1.
1
Let x(b) = -b**3 - 4*b**2 - 2*b + 3. Let o = 0 - 4. Let j be x(o). Calculate the highest common factor of 77 and j.
11
Let h be -3 + 4/2 - -8. Let u be 14/2 + (-3)/1. Suppose 2*j + u*j = 462. What is the greatest common divisor of h and j?
7
Let a = -16 + 22. Calculate the highest common factor of 4 and a.
2
Let w be (0 + -3)*(-1 - 4). Calculate the greatest common factor of 15 and w.
